- -81. Suppose -2*z - 5*y = -o, 3*z - z + 3*y - 108 = 0. What are the prime factors of z?
3, 19
Let s(p) be the third derivative of p**6/60 - p**5/10 - p**4/4 + 3*p**3 + 26*p**2. Let u be s(5). Suppose -u = -5*n + n. What are the prime factors of n?
2, 11
Let d be 432*(-6)/(-4)*(-5)/(-10). Suppose 0 = 4*c + 3*a - 258, -5*c + 0*c = 3*a - d. Suppose 324 = 5*h - c. What are the prime factors of h?
2, 3, 13
Suppose 20248 = 3*d - 4*q, 5*d = -35*q + 36*q + 33724. Suppose 2248 = 16*w - d. List the prime factors of w.
2, 281
Let o(v) = -20*v - 10. Let g be o(3). Let f = -10 - g. What are the prime factors of f?
2, 3, 5
Let d = -261 + 263. List the prime factors of -5*(0 - (2 + d + 8)).
2, 3, 5
Let s = 249 + -87. Suppose -s = -2*l - l. Suppose p - 70 + l = 0. What are the prime factors of p?
2
Let j be 16/(-72) + (-11002)/(-18). Suppose -w = -42 - j. List the prime factors of w.
653
List the prime factors of (-5)/(-6)*6 + 1 + 4791.
3, 13, 41
Let z(g) = 3*g**3 + 5*g**2 - 14. Let w be z(6). Suppose 5*y - w = 2*y - n, -536 = -2*y + n. List the prime factors of y.
2, 3, 5
Let y = -320 + 328. Suppose 0 = -3*v + 5*t + 1766 - 282, y = 4*t. List the prime factors of v.
2, 3, 83
Suppose -10*j - 18240 = 5*j. Let h = -286 - j. What are the prime factors of h?
2, 3, 5, 31
What are the prime factors of 12/(35/(-105) - 2603/(-7791))?
2, 3, 7, 53
Suppose -15*g + 421551 = 3*g + 9*g. List the prime factors of g.
13, 1201
Suppose 7*o = 6*o - 270. Let d = o + 100. Let y = -84 - d. What are the prime factors of y?
2, 43
Suppose 0 = -f + 46 - 17. Suppose -845 = -34*b + f*b. What are the prime factors of b?
13
Let s(j) be the first derivative of j**3/3 - j**2 - 148*j + 66. List the prime factors of s(21).
251
Let w(l) = -202*l - 1223. List the prime factors of w(-27).
4231
Let r(g) be the first derivative of -157*g**2/2 + 7*g - 4. Let t = 32 - 33. What are the prime factors of r(t)?
2, 41
Let b be (21/3)/(-1)*48/(-56). Suppose b*c = 12*c + 12. What are the prime factors of (48/18)/c*(-18 + 0)?
2, 3
Let a(q) be the first derivative of q**4/4 + q**3/3 + 6*q**2 - 2*q + 42. List the prime factors of a(8).
2, 5, 67
Suppose 6510 = 18*k - 17981 - 25297. List the prime factors of k.
2, 3, 461
Suppose -6*s = -s - 10. Suppose 3*f = -4*o - o + 631, s*o = 2*f - 442. Suppose f + 519 = 8*n. What are the prime factors of n?
2, 23
Suppose g - 5*g + 185 = 5*b, 3*b - 103 = -4*g. Suppose -40*j - 136 = -b*j. What are the prime factors of j?
2, 17
Suppose -2*i - 12*y + 16*y + 10448 = 0, 0 = -3*i - 2*y + 15688. List the prime factors of i.
2, 1307
Let o be 3/(6/(-10)) - -2 - -45. Suppose 2*x - 3*x - 48 = -5*u, 0 = -3*u + 5*x + o. Suppose -4*n - 430 = -u*n. List the prime factors of n.
2, 43
Let g(y) = 19 + 17 - y + y + 5*y - 4*y. Let n(w) = -w**3 - 7*w**2 - 3*w - 8. Let f be n(-7). What are the prime factors of g(f)?
7
Suppose -26*i + 24*i = 0. Let p be (-1)/1 - (i - 6). Suppose 4*k - 3*l - 46 - 46 = 0, 46 = 2*k + p*l. What are the prime factors of k?
23
Let l = 522 - 875. Let b = l + 601. List the prime factors of b.
2, 31
Let n = 2407 + 15670. List the prime factors of n.
18077
Let z(o) = 55*o - 42. Suppose -46 = -3*y - 2*l - 19, 4*y - 38 = -2*l. List the prime factors of z(y).
563
Let b(u) = -37*u + 10. Let s = 63 - -5. Let z = 66 - s. What are the prime factors of b(z)?
2, 3, 7
Let v = 14816 + -3118. Suppose -18*w + v = 4642. What are the prime factors of w?
2, 7
Let i(t) be the third derivative of -13*t**4/12 + 17*t**3 - 96*t**2. List the prime factors of i(-7).
2, 71
Let d be 2 + -5 - (-1 + -2 - 0). Suppose -m + 306 + 65 = d. List the prime factors of m.
7, 53
List the prime factors of (-283)/(-283)*1875/1.
3, 5
Let d = -25206 + 47813. List the prime factors of d.
13, 37, 47
Let s(o) = o + 2. Let i be s(1). Suppose -i*z + 3631 = -2*y, 4*z - 5157 = 5*y - 318. What are the prime factors of z?
7, 173
Let i(l) = 7*l**2 + 9*l + 16. Let z be i(12). List the prime factors of (z/16)/((-1)/(-4)).
283
Suppose -3*w - 3158 = -j - 8*w, -4*w - 15674 = -5*j. Suppose -15*o + j = -2757. List the prime factors of o.
3, 131
What are the prime factors of -906*-1*(-9)/27*-38?
2, 19, 151
Suppose 0 = -2*a + 257 - 227. Suppose -5*w + 15 = -a. What are the prime factors of (14/w)/(((-25)/(-330))/5)?
2, 7, 11
Let j(y) = 3*y**2 - 23*y + 4. Let a be j(8). Suppose -a*h + 8 = -8*h. Suppose 42 = h*n - 272. What are the prime factors of n?
157
Suppose -4*q - 1189 = -5*x - 2*q, -5*q + 1175 = 5*x. Let d = -54 + x. List the prime factors of d.
3, 61
Suppose -71*c = -68*c - 543. Let d = c - -66. List the prime factors of d.
13, 19
Suppose 2*l - 2700 = -644. Suppose -2*r + l = 2*r. What are the prime factors of r?
257
Let y(p) = p**2 + 0 - 3*p + 9 - 103*p**3 + 104*p**3. Let n be y(4). Suppose -a + n = -5*z, -5*a + 265 = 6*z - z. What are the prime factors of a?
3, 19
Let q = 49522 - 25039. List the prime factors of q.
3, 8161
Let u(j) = -j**3 - 27*j**2 - 55*j - 33. Let c(o) = o**3 - 15*o**2 - 33*o - 42. Let t be c(17). List the prime factors of u(t).
2, 23
Let x(q) = -3*q + 79. Let l be x(14). Suppose -l*a + 5291 = -26*a. List the prime factors of a.
13, 37
Let i = 2440 + -1709. List the prime factors of i.
17, 43
Let f be (-25)/(-10)*1/(10/84). Suppose f*d - 17*d + 2863 = 5*x, -4*d = -3*x + 1721. What are the prime factors of x?
571
Let k be (6 - -323)*104/28. Let f = k - 634. What are the prime factors of f?
2, 3, 7
Suppose -2953 = 6*r - 10927. Suppose 8*f - 3*f - 527 = -2*w, r = 5*w + f. List the prime factors of w.
2, 7, 19
Let x(r) = -r**3 - 92*r**2 + 479*r + 45. List the prime factors of x(-97).
3, 11, 19
Let z(o) = -o**2 - 434*o + 17443. What are the prime factors of z(0)?
17443
Let v = 24127 + -14005. What are the prime factors of v?
2, 3, 7, 241
Let k(o) = 3*o**3 + 3*o**2 - 3*o - 1. Suppose 4*n - 3*v - 6 = -23, 3*n + 12 = 2*v. Let z be k(n). Let w = z - -191. List the prime factors of w.
2, 23
Suppose s - 5*y - 1519 - 2349 = 0, 2*s - 7712 = 2*y. What are the prime factors of s?
3853
Suppose 55 = -n - 2*g, 4*g + 94 = -3*n - 75. Let t = n - -68. Suppose t*m - 256 = 5*m. What are the prime factors of m?
2
Suppose -28*z = -31*z - 54. Let x be 3*6/z + 2*-1. What are the prime factors of (x + -128)*(-4)/4?
131
Suppose -2*d - 2*d = 148. Let w = d - -39. List the prime factors of (-3)/w*(-16)/12.
2
Let v = -251 - -258. What are the prime factors of ((-2)/(-7) + 242/11)*v?
2, 3, 13
Let p(m) = 2*m**3 + 44*m**2 + 18*m + 33. What are the prime factors of p(-14)?
2917
Suppose 4*s + 93 = 97. Let y(d) = 6*d + 0 + 63*d**3 - 5*d + d**2 - 1 + 0. List the prime factors of y(s).
2
List the prime factors of 15/(-5) - (-5824 - -22).
3, 1933
Suppose 5*o - 34*o = 47*o - 2081868. List the prime factors of o.
3, 23, 397
Let z(r) = -2*r - 21 + 37 + 19 - r. Let a be z(10). List the prime factors of (3 - a)*(-171)/2.
3, 19
Let l be 16/(-48)*(1 - 16). Suppose l*d + 2*i = -44, -d + 2 = 2*i + 2*i. List the prime factors of d/40 + (-987)/(-12).
2, 41
List the prime factors of ((-23)/(1104/512))/((-4)/102).
2, 17
Let h(s) = -7*s**3 - 13*s**2 - 47*s - 3. Suppose -51 = -12*i + 29*i. List the prime factors of h(i).
2, 3, 5, 7
What are the prime factors of (1 - 19/3)/((-81)/19683)?
2, 3
Let t(a) = a**3 - 11*a**2 - 11*a - 13. Let w be t(12). Let p = w + -3. Let l(g) = -6*g + 7. What are the prime factors of l(p)?
31
Let a = -139 - -273. Suppose 4*p + 390 = -19*u - 812, 0 = 5*p + 30. Let j = a + u. What are the prime factors of j?
2, 3
What are the prime factors of (-2)/3 - (13 + 16205/(-21))?
2, 379
Let m = -12372 + 22634. List the prime factors of m.
2, 7, 733
List the prime factors of (-20)/15*(-645558)/68.
2, 6329
Let k be (-372)/217*((-14)/(-4))/1. Let x(o) = -o**3 - 4*o**2 - o + 3. List the prime factors of x(k).
3
Suppose 30*r - 34*r + i = -12419, 3*r - 9314 = i. What are the prime factors of r?
3, 5, 23
Suppose x = 2*l, -3*l = -71*x + 73*x - 7. List the prime factors of (-156)/(-130)*((-7221)/(-9) + l).
2, 241
Suppose -a + 15 = 3*c, -a + 3*c + 21 = 30. Suppose 0 = -3*k + a*m + 3456, 4*k - 5*m = -0*k + 4608. List the prime factors of k.
2, 3
Suppose 4*d + 12 = -164. Let h = d - -47. Suppose -h*b = 3*b - 240. List the prime factors of b.
2, 5
Suppose -5*d + 5*k - 68991 = -9*d, 4*d + 3*k - 68993 = 0. List the prime factors of d.
47, 367
Suppose -